{"id":330,"date":"2024-03-18T19:18:15","date_gmt":"2024-03-18T22:18:15","guid":{"rendered":"https:\/\/peritur.com.br\/?page_id=330"},"modified":"2024-08-15T15:52:02","modified_gmt":"2024-08-15T18:52:02","slug":"viagens","status":"publish","type":"page","link":"https:\/\/peritur.com.br\/index.php\/viagens\/","title":{"rendered":"Viagens"},"content":{"rendered":"\t\t<div data-elementor-type=\"wp-page\" data-elementor-id=\"330\" class=\"elementor elementor-330\" data-elementor-post-type=\"page\">\n\t\t\t\t<div class=\"elementor-element elementor-element-8bd6481 e-flex e-con-boxed e-con e-parent\" data-id=\"8bd6481\" data-element_type=\"container\" data-e-type=\"container\" data-settings=\"{&quot;background_background&quot;:&quot;classic&quot;}\">\n\t\t\t\t\t<div class=\"e-con-inner\">\n\t\t<div class=\"elementor-element elementor-element-f8724b0 e-flex e-con-boxed e-con e-child\" data-id=\"f8724b0\" data-element_type=\"container\" data-e-type=\"container\">\n\t\t\t\t\t<div class=\"e-con-inner\">\n\t\t<div class=\"elementor-element elementor-element-20ee54a e-con-full e-flex e-con e-child\" data-id=\"20ee54a\" data-element_type=\"container\" data-e-type=\"container\">\n\t\t\t\t<div class=\"elementor-element elementor-element-a63768f elementor-widget elementor-widget-heading\" data-id=\"a63768f\" data-element_type=\"widget\" data-e-type=\"widget\" data-widget_type=\"heading.default\">\n\t\t\t\t<div class=\"elementor-widget-container\">\n\t\t\t\t\t<h2 class=\"elementor-heading-title elementor-size-default\">Viagens<\/h2>\t\t\t\t<\/div>\n\t\t\t\t<\/div>\n\t\t\t\t<div class=\"elementor-element elementor-element-fd2e20f elementor-widget elementor-widget-text-editor\" data-id=\"fd2e20f\" data-element_type=\"widget\" data-e-type=\"widget\" data-widget_type=\"text-editor.default\">\n\t\t\t\t<div class=\"elementor-widget-container\">\n\t\t\t\t\t\t\t\t\t<p>Com a Peritur, sua jornada \u00e9 sin\u00f4nimo de conforto e seguran\u00e7a! Viaje com sua fam\u00edlia, amigos ou colegas de trabalho, desfrutando de uma partida r\u00e1pida e uma chegada tranquila. Com nossos servi\u00e7os, voc\u00ea pode explorar todo o pa\u00eds com facilidade. Tem um destino em mente? Conte conosco para lev\u00e1-lo at\u00e9 l\u00e1 com efici\u00eancia e confian\u00e7a.<\/p>\t\t\t\t\t\t\t\t<\/div>\n\t\t\t\t<\/div>\n\t\t\t\t<\/div>\n\t\t\t\t<div class=\"elementor-element elementor-element-da288b0 animated-slow elementor-invisible elementor-widget elementor-widget-image\" data-id=\"da288b0\" data-element_type=\"widget\" data-e-type=\"widget\" data-settings=\"{&quot;_animation&quot;:&quot;fadeInDown&quot;,&quot;_animation_delay&quot;:500}\" data-widget_type=\"image.default\">\n\t\t\t\t<div class=\"elementor-widget-container\">\n\t\t\t\t\t\t\t\t\t\t\t\t\t\t\t<img fetchpriority=\"high\" decoding=\"async\" width=\"634\" height=\"358\" src=\"https:\/\/peritur.com.br\/wp-content\/uploads\/2024\/03\/peritur-22.jpg\" class=\"attachment-large size-large wp-image-401\" alt=\"\" srcset=\"https:\/\/peritur.com.br\/wp-content\/uploads\/2024\/03\/peritur-22.jpg 634w, https:\/\/peritur.com.br\/wp-content\/uploads\/2024\/03\/peritur-22-300x169.jpg 300w\" sizes=\"(max-width: 634px) 100vw, 634px\" \/>\t\t\t\t\t\t\t\t\t\t\t\t\t\t\t<\/div>\n\t\t\t\t<\/div>\n\t\t\t\t\t<\/div>\n\t\t\t\t<\/div>\n\t\t\t\t<div class=\"elementor-element elementor-element-157f086 elementor-widget elementor-widget-spacer\" data-id=\"157f086\" data-element_type=\"widget\" data-e-type=\"widget\" data-widget_type=\"spacer.default\">\n\t\t\t\t<div class=\"elementor-widget-container\">\n\t\t\t\t\t\t\t<div class=\"elementor-spacer\">\n\t\t\t<div class=\"elementor-spacer-inner\"><\/div>\n\t\t<\/div>\n\t\t\t\t\t\t<\/div>\n\t\t\t\t<\/div>\n\t\t<div class=\"elementor-element elementor-element-6560295 e-flex e-con-boxed e-con e-child\" data-id=\"6560295\" data-element_type=\"container\" data-e-type=\"container\">\n\t\t\t\t\t<div class=\"e-con-inner\">\n\t\t\t\t<div class=\"elementor-element elementor-element-630ce82 elementor-widget elementor-widget-heading\" data-id=\"630ce82\" data-element_type=\"widget\" data-e-type=\"widget\" data-widget_type=\"heading.default\">\n\t\t\t\t<div class=\"elementor-widget-container\">\n\t\t\t\t\t<h2 class=\"elementor-heading-title elementor-size-default\">Momentos \u00danicos<\/h2>\t\t\t\t<\/div>\n\t\t\t\t<\/div>\n\t\t\t\t<div class=\"elementor-element elementor-element-7928b4f elementor-widget elementor-widget-text-editor\" data-id=\"7928b4f\" data-element_type=\"widget\" data-e-type=\"widget\" data-widget_type=\"text-editor.default\">\n\t\t\t\t<div class=\"elementor-widget-container\">\n\t\t\t\t\t\t\t\t\t<p>Descubra uma maneira confort\u00e1vel e conveniente de viajar com nossos servi\u00e7os de viagens de \u00f4nibus. Com uma frota moderna e segura, estamos comprometidos em oferecer uma experi\u00eancia de viagem excepcional para todos os nossos passageiros. Nossos \u00f4nibus s\u00e3o equipados com comodidades para garantir seu conforto durante toda a jornada, seja em viagens curtas ou longas. Nossa equipe de motoristas experientes e profissionais garante uma condu\u00e7\u00e3o suave e segura, enquanto nosso servi\u00e7o ao cliente est\u00e1 sempre dispon\u00edvel para atender \u00e0s suas necessidades. De viagens de turismo a traslados corporativos, estamos aqui para proporcionar uma experi\u00eancia de viagem memor\u00e1vel. Escolha nossos servi\u00e7os de viagens de \u00f4nibus e embarque em uma jornada tranquila e agrad\u00e1vel.<\/p>\t\t\t\t\t\t\t\t<\/div>\n\t\t\t\t<\/div>\n\t\t\t\t\t<\/div>\n\t\t\t\t<\/div>\n\t\t\t\t\t<\/div>\n\t\t\t\t<\/div>\n\t\t<div class=\"elementor-element elementor-element-7792e3f e-flex e-con-boxed e-con e-parent\" data-id=\"7792e3f\" data-element_type=\"container\" data-e-type=\"container\" data-settings=\"{&quot;background_background&quot;:&quot;classic&quot;}\">\n\t\t\t\t\t<div class=\"e-con-inner\">\n\t\t<div class=\"elementor-element elementor-element-9345562 e-flex e-con-boxed e-con e-child\" data-id=\"9345562\" data-element_type=\"container\" data-e-type=\"container\">\n\t\t\t\t\t<div class=\"e-con-inner\">\n\t\t\t\t<div class=\"elementor-element elementor-element-e473ae0 animated-slow elementor-widget__width-initial elementor-position-top elementor-invisible elementor-widget elementor-widget-image-box\" data-id=\"e473ae0\" data-element_type=\"widget\" data-e-type=\"widget\" data-settings=\"{&quot;_animation&quot;:&quot;fadeInLeft&quot;,&quot;_animation_delay&quot;:500}\" data-widget_type=\"image-box.default\">\n\t\t\t\t<div class=\"elementor-widget-container\">\n\t\t\t\t\t<div class=\"elementor-image-box-wrapper\"><figure class=\"elementor-image-box-img\"><img decoding=\"async\" width=\"634\" height=\"358\" src=\"https:\/\/peritur.com.br\/wp-content\/uploads\/2024\/03\/peritur-24.jpg\" class=\"attachment-full size-full wp-image-412\" alt=\"\" srcset=\"https:\/\/peritur.com.br\/wp-content\/uploads\/2024\/03\/peritur-24.jpg 634w, https:\/\/peritur.com.br\/wp-content\/uploads\/2024\/03\/peritur-24-300x169.jpg 300w\" sizes=\"(max-width: 634px) 100vw, 634px\" \/><\/figure><div class=\"elementor-image-box-content\"><h3 class=\"elementor-image-box-title\">Viagens Nacionais<\/h3><p class=\"elementor-image-box-description\">Explore o Brasil com conforto e praticidade em nossas viagens nacionais de \u00f4nibus. Com uma frota moderna e motoristas experientes, garantimos uma jornada segura e memor\u00e1vel para destinos em todo o pa\u00eds. Desfrute de paisagens deslumbrantes e conhe\u00e7a diferentes culturas enquanto viaja de forma acess\u00edvel e conveniente. Embarque conosco e descubra o melhor do Brasil pelas estradas.<\/p><\/div><\/div>\t\t\t\t<\/div>\n\t\t\t\t<\/div>\n\t\t\t\t<div class=\"elementor-element elementor-element-266ebea animated-slow elementor-position-top elementor-invisible elementor-widget elementor-widget-image-box\" data-id=\"266ebea\" data-element_type=\"widget\" data-e-type=\"widget\" data-settings=\"{&quot;_animation&quot;:&quot;fadeInRight&quot;,&quot;_animation_delay&quot;:500}\" data-widget_type=\"image-box.default\">\n\t\t\t\t<div class=\"elementor-widget-container\">\n\t\t\t\t\t<div class=\"elementor-image-box-wrapper\"><figure class=\"elementor-image-box-img\"><img decoding=\"async\" width=\"634\" height=\"358\" src=\"https:\/\/peritur.com.br\/wp-content\/uploads\/2024\/03\/peritur-23.jpg\" class=\"attachment-full size-full wp-image-410\" alt=\"\" srcset=\"https:\/\/peritur.com.br\/wp-content\/uploads\/2024\/03\/peritur-23.jpg 634w, https:\/\/peritur.com.br\/wp-content\/uploads\/2024\/03\/peritur-23-300x169.jpg 300w\" sizes=\"(max-width: 634px) 100vw, 634px\" \/><\/figure><div class=\"elementor-image-box-content\"><h3 class=\"elementor-image-box-title\">Viagens para outra Cidades<\/h3><p class=\"elementor-image-box-description\">\nViaje para outras cidades com o m\u00e1ximo de conforto em nossos \u00f4nibus modernos. Equipados com poltronas reclin\u00e1veis, ar-condicionado e espa\u00e7osos compartimentos para bagagem, garantimos uma viagem relaxante e agrad\u00e1vel. Nossos \u00f4nibus tamb\u00e9m oferecem Wi-Fi a bordo, permitindo que voc\u00ea permane\u00e7a conectado durante toda a viagem. Al\u00e9m disso, priorizamos a seguran\u00e7a com sistemas de monitoramento e manuten\u00e7\u00e3o regulares. Embarque conosco e desfrute de uma experi\u00eancia de viagem confort\u00e1vel e conveniente para explorar novas cidades.<\/p><\/div><\/div>\t\t\t\t<\/div>\n\t\t\t\t<\/div>\n\t\t\t\t\t<\/div>\n\t\t\t\t<\/div>\n\t\t\t\t\t<\/div>\n\t\t\t\t<\/div>\n\t\t<div class=\"elementor-element elementor-element-fe0121c e-flex e-con-boxed e-con e-parent\" data-id=\"fe0121c\" data-element_type=\"container\" data-e-type=\"container\" data-settings=\"{&quot;background_background&quot;:&quot;classic&quot;}\">\n\t\t\t\t\t<div class=\"e-con-inner\">\n\t\t\t\t<div class=\"elementor-element elementor-element-cd02f21 elementor-widget elementor-widget-heading\" data-id=\"cd02f21\" data-element_type=\"widget\" data-e-type=\"widget\" data-widget_type=\"heading.default\">\n\t\t\t\t<div class=\"elementor-widget-container\">\n\t\t\t\t\t<h2 class=\"elementor-heading-title elementor-size-default\">Porque a Peritur para viagens \n\n\n\n\n<\/h2>\t\t\t\t<\/div>\n\t\t\t\t<\/div>\n\t\t\t\t<div class=\"elementor-element elementor-element-f1e2ed8 elementor-widget elementor-widget-text-editor\" data-id=\"f1e2ed8\" data-element_type=\"widget\" data-e-type=\"widget\" data-widget_type=\"text-editor.default\">\n\t\t\t\t<div class=\"elementor-widget-container\">\n\t\t\t\t\t\t\t\t\t<p>Escolha a Peritur para suas viagens e desfrute de uma experi\u00eancia inigual\u00e1vel. Com anos de experi\u00eancia no setor, nos destacamos por oferecer servi\u00e7os de alta qualidade, garantindo conforto, seguran\u00e7a e conveni\u00eancia para todos os nossos passageiros. Nossa frota de \u00f4nibus modernos e bem-equipados proporciona uma viagem confort\u00e1vel, enquanto nossos motoristas experientes garantem uma condu\u00e7\u00e3o segura e suave.<\/p>\t\t\t\t\t\t\t\t<\/div>\n\t\t\t\t<\/div>\n\t\t\t\t\t<\/div>\n\t\t\t\t<\/div>\n\t\t<div class=\"elementor-element elementor-element-3e5c429 e-flex e-con-boxed e-con e-parent\" data-id=\"3e5c429\" data-element_type=\"container\" data-e-type=\"container\">\n\t\t\t\t\t<div class=\"e-con-inner\">\n\t\t<div class=\"elementor-element elementor-element-742fc3b e-flex e-con-boxed e-con e-child\" data-id=\"742fc3b\" data-element_type=\"container\" data-e-type=\"container\">\n\t\t\t\t\t<div class=\"e-con-inner\">\n\t\t\t\t<div class=\"elementor-element elementor-element-d4695a9 elementor-position-left elementor-vertical-align-middle elementor-widget elementor-widget-image-box\" data-id=\"d4695a9\" data-element_type=\"widget\" data-e-type=\"widget\" data-widget_type=\"image-box.default\">\n\t\t\t\t<div class=\"elementor-widget-container\">\n\t\t\t\t\t<div class=\"elementor-image-box-wrapper\"><figure class=\"elementor-image-box-img\"><img loading=\"lazy\" decoding=\"async\" width=\"512\" height=\"512\" src=\"https:\/\/peritur.com.br\/wp-content\/uploads\/2024\/03\/telefone.png\" class=\"attachment-full size-full wp-image-363\" alt=\"\" srcset=\"https:\/\/peritur.com.br\/wp-content\/uploads\/2024\/03\/telefone.png 512w, https:\/\/peritur.com.br\/wp-content\/uploads\/2024\/03\/telefone-300x300.png 300w, https:\/\/peritur.com.br\/wp-content\/uploads\/2024\/03\/telefone-150x150.png 150w\" sizes=\"(max-width: 512px) 100vw, 512px\" \/><\/figure><div class=\"elementor-image-box-content\"><h3 class=\"elementor-image-box-title\">11 2615-3101<\/h3><\/div><\/div>\t\t\t\t<\/div>\n\t\t\t\t<\/div>\n\t\t\t\t<div class=\"elementor-element elementor-element-02ba934 elementor-position-left elementor-vertical-align-middle elementor-widget elementor-widget-image-box\" data-id=\"02ba934\" data-element_type=\"widget\" data-e-type=\"widget\" data-widget_type=\"image-box.default\">\n\t\t\t\t<div class=\"elementor-widget-container\">\n\t\t\t\t\t<div class=\"elementor-image-box-wrapper\"><figure class=\"elementor-image-box-img\"><img loading=\"lazy\" decoding=\"async\" width=\"512\" height=\"512\" src=\"https:\/\/peritur.com.br\/wp-content\/uploads\/2024\/03\/whatsapp.png\" class=\"attachment-full size-full wp-image-364\" alt=\"\" srcset=\"https:\/\/peritur.com.br\/wp-content\/uploads\/2024\/03\/whatsapp.png 512w, https:\/\/peritur.com.br\/wp-content\/uploads\/2024\/03\/whatsapp-300x300.png 300w, https:\/\/peritur.com.br\/wp-content\/uploads\/2024\/03\/whatsapp-150x150.png 150w\" sizes=\"(max-width: 512px) 100vw, 512px\" \/><\/figure><div class=\"elementor-image-box-content\"><h3 class=\"elementor-image-box-title\">(11) 94792-1489\/ 97176-0429<\/h3><\/div><\/div>\t\t\t\t<\/div>\n\t\t\t\t<\/div>\n\t\t\t\t<div class=\"elementor-element elementor-element-c7f2462 elementor-position-left elementor-vertical-align-middle elementor-widget elementor-widget-image-box\" data-id=\"c7f2462\" data-element_type=\"widget\" data-e-type=\"widget\" data-widget_type=\"image-box.default\">\n\t\t\t\t<div class=\"elementor-widget-container\">\n\t\t\t\t\t<div class=\"elementor-image-box-wrapper\"><figure class=\"elementor-image-box-img\"><img loading=\"lazy\" decoding=\"async\" width=\"512\" height=\"512\" src=\"https:\/\/peritur.com.br\/wp-content\/uploads\/2024\/03\/wifi-mail.png\" class=\"attachment-full size-full wp-image-365\" alt=\"\" srcset=\"https:\/\/peritur.com.br\/wp-content\/uploads\/2024\/03\/wifi-mail.png 512w, https:\/\/peritur.com.br\/wp-content\/uploads\/2024\/03\/wifi-mail-300x300.png 300w, https:\/\/peritur.com.br\/wp-content\/uploads\/2024\/03\/wifi-mail-150x150.png 150w\" sizes=\"(max-width: 512px) 100vw, 512px\" \/><\/figure><div class=\"elementor-image-box-content\"><h3 class=\"elementor-image-box-title\">vania@peritur.com.br<\/h3><\/div><\/div>\t\t\t\t<\/div>\n\t\t\t\t<\/div>\n\t\t\t\t\t<\/div>\n\t\t\t\t<\/div>\n\t\t\t\t\t<\/div>\n\t\t\t\t<\/div>\n\t\t\t\t<\/div>\n\t\t","protected":false},"excerpt":{"rendered":"<p>Viagens Com a Peritur, sua jornada \u00e9 sin\u00f4nimo de conforto e seguran\u00e7a! Viaje com sua fam\u00edlia, amigos ou colegas de trabalho, desfrutando de uma partida r\u00e1pida e uma chegada tranquila. Com nossos servi\u00e7os, voc\u00ea pode explorar todo o pa\u00eds com facilidade. Tem um destino em mente? Conte conosco para lev\u00e1-lo at\u00e9 l\u00e1 com efici\u00eancia e [&hellip;]<\/p>\n","protected":false},"author":1,"featured_media":0,"parent":0,"menu_order":0,"comment_status":"closed","ping_status":"closed","template":"","meta":{"_joinchat":[],"footnotes":""},"class_list":["post-330","page","type-page","status-publish","hentry"],"_links":{"self":[{"href":"https:\/\/peritur.com.br\/index.php\/wp-json\/wp\/v2\/pages\/330","targetHints":{"allow":["GET"]}}],"collection":[{"href":"https:\/\/peritur.com.br\/index.php\/wp-json\/wp\/v2\/pages"}],"about":[{"href":"https:\/\/peritur.com.br\/index.php\/wp-json\/wp\/v2\/types\/page"}],"author":[{"embeddable":true,"href":"https:\/\/peritur.com.br\/index.php\/wp-json\/wp\/v2\/users\/1"}],"replies":[{"embeddable":true,"href":"https:\/\/peritur.com.br\/index.php\/wp-json\/wp\/v2\/comments?post=330"}],"version-history":[{"count":7,"href":"https:\/\/peritur.com.br\/index.php\/wp-json\/wp\/v2\/pages\/330\/revisions"}],"predecessor-version":[{"id":528,"href":"https:\/\/peritur.com.br\/index.php\/wp-json\/wp\/v2\/pages\/330\/revisions\/528"}],"wp:attachment":[{"href":"https:\/\/peritur.com.br\/index.php\/wp-json\/wp\/v2\/media?parent=330"}],"curies":[{"name":"wp","href":"https:\/\/api.w.org\/{rel}","templated":true}]}}