{"id":326,"date":"2024-03-18T19:11:13","date_gmt":"2024-03-18T22:11:13","guid":{"rendered":"https:\/\/peritur.com.br\/?page_id=326"},"modified":"2024-08-15T15:07:02","modified_gmt":"2024-08-15T18:07:02","slug":"translados","status":"publish","type":"page","link":"https:\/\/peritur.com.br\/index.php\/translados\/","title":{"rendered":"Translados"},"content":{"rendered":"\t\t<div data-elementor-type=\"wp-page\" data-elementor-id=\"326\" class=\"elementor elementor-326\" data-elementor-post-type=\"page\">\n\t\t\t\t<div class=\"elementor-element elementor-element-b80622e e-flex e-con-boxed e-con e-parent\" data-id=\"b80622e\" data-element_type=\"container\" data-e-type=\"container\" data-settings=\"{&quot;background_background&quot;:&quot;classic&quot;}\">\n\t\t\t\t\t<div class=\"e-con-inner\">\n\t\t<div class=\"elementor-element elementor-element-dc15c45 e-flex e-con-boxed e-con e-child\" data-id=\"dc15c45\" data-element_type=\"container\" data-e-type=\"container\">\n\t\t\t\t\t<div class=\"e-con-inner\">\n\t\t<div class=\"elementor-element elementor-element-5026046 e-con-full e-flex e-con e-child\" data-id=\"5026046\" data-element_type=\"container\" data-e-type=\"container\">\n\t\t\t\t<div class=\"elementor-element elementor-element-45a2639 elementor-widget elementor-widget-heading\" data-id=\"45a2639\" data-element_type=\"widget\" data-e-type=\"widget\" data-widget_type=\"heading.default\">\n\t\t\t\t<div class=\"elementor-widget-container\">\n\t\t\t\t\t<h2 class=\"elementor-heading-title elementor-size-default\">Translados <\/h2>\t\t\t\t<\/div>\n\t\t\t\t<\/div>\n\t\t\t\t<div class=\"elementor-element elementor-element-1df79e1 elementor-widget elementor-widget-text-editor\" data-id=\"1df79e1\" data-element_type=\"widget\" data-e-type=\"widget\" data-widget_type=\"text-editor.default\">\n\t\t\t\t<div class=\"elementor-widget-container\">\n\t\t\t\t\t\t\t\t\t<p>Os translados da Peritur oferecem uma experi\u00eancia de transporte executivo de alto n\u00edvel, seja para aeroportos, eventos corporativos, passeios tur\u00edsticos ou qualquer outra necessidade. Com uma equipe de motoristas profissionais e uma frota de ve\u00edculos de luxo, garantimos pontualidade, seguran\u00e7a e conforto em cada trajeto. Conte conosco para tornar seus translados uma experi\u00eancia tranquila e memor\u00e1vel.<\/p>\t\t\t\t\t\t\t\t<\/div>\n\t\t\t\t<\/div>\n\t\t\t\t<\/div>\n\t\t\t\t<div class=\"elementor-element elementor-element-eccfdf6 animated-slow elementor-invisible elementor-widget elementor-widget-image\" data-id=\"eccfdf6\" data-element_type=\"widget\" data-e-type=\"widget\" data-settings=\"{&quot;_animation&quot;:&quot;fadeInDown&quot;,&quot;_animation_delay&quot;:500}\" data-widget_type=\"image.default\">\n\t\t\t\t<div class=\"elementor-widget-container\">\n\t\t\t\t\t\t\t\t\t\t\t\t\t\t\t<img fetchpriority=\"high\" decoding=\"async\" width=\"634\" height=\"358\" src=\"http:\/\/peritur.com.br\/wp-content\/uploads\/2024\/03\/peritur-17.jpeg\" class=\"attachment-large size-large wp-image-387\" alt=\"\" srcset=\"http:\/\/peritur.com.br\/wp-content\/uploads\/2024\/03\/peritur-17.jpeg 634w, http:\/\/peritur.com.br\/wp-content\/uploads\/2024\/03\/peritur-17-300x169.jpeg 300w\" sizes=\"(max-width: 634px) 100vw, 634px\" \/>\t\t\t\t\t\t\t\t\t\t\t\t\t\t\t<\/div>\n\t\t\t\t<\/div>\n\t\t\t\t\t<\/div>\n\t\t\t\t<\/div>\n\t\t\t\t<div class=\"elementor-element elementor-element-c883087 elementor-widget elementor-widget-spacer\" data-id=\"c883087\" data-element_type=\"widget\" data-e-type=\"widget\" data-widget_type=\"spacer.default\">\n\t\t\t\t<div class=\"elementor-widget-container\">\n\t\t\t\t\t\t\t<div class=\"elementor-spacer\">\n\t\t\t<div class=\"elementor-spacer-inner\"><\/div>\n\t\t<\/div>\n\t\t\t\t\t\t<\/div>\n\t\t\t\t<\/div>\n\t\t<div class=\"elementor-element elementor-element-510b18e e-flex e-con-boxed e-con e-child\" data-id=\"510b18e\" data-element_type=\"container\" data-e-type=\"container\">\n\t\t\t\t\t<div class=\"e-con-inner\">\n\t\t\t\t<div class=\"elementor-element elementor-element-25cfc17 elementor-widget elementor-widget-heading\" data-id=\"25cfc17\" data-element_type=\"widget\" data-e-type=\"widget\" data-widget_type=\"heading.default\">\n\t\t\t\t<div class=\"elementor-widget-container\">\n\t\t\t\t\t<h2 class=\"elementor-heading-title elementor-size-default\">Desconplicando pra voc\u00ea<\/h2>\t\t\t\t<\/div>\n\t\t\t\t<\/div>\n\t\t\t\t<div class=\"elementor-element elementor-element-d556254 elementor-widget elementor-widget-text-editor\" data-id=\"d556254\" data-element_type=\"widget\" data-e-type=\"widget\" data-widget_type=\"text-editor.default\">\n\t\t\t\t<div class=\"elementor-widget-container\">\n\t\t\t\t\t\t\t\t\t<p>Nossos servi\u00e7os de translado oferecem uma experi\u00eancia de transporte excepcional, combinando conforto, confiabilidade e efici\u00eancia. Com uma frota diversificada de ve\u00edculos bem mantidos, estamos prontos para atender a diversas necessidades de transporte, desde viagens individuais at\u00e9 grupos maiores.<\/p><p>Nossa equipe de motoristas profissionais e experientes \u00e9 cuidadosamente selecionada por sua habilidade ao volante, profissionalismo e conhecimento local. Eles garantem sua seguran\u00e7a e pontualidade, adaptando-se \u00e0s condi\u00e7\u00f5es de tr\u00e1fego e escolhendo as rotas mais eficientes para lev\u00e1-lo ao seu destino.<\/p><p>Entendemos que cada cliente \u00e9 \u00fanico, por isso oferecemos um servi\u00e7o personalizado para atender \u00e0s suas necessidades espec\u00edficas. Seja um translado do aeroporto para o hotel, transporte para um evento corporativo ou uma excurs\u00e3o tur\u00edstica, estamos aqui para ajudar, proporcionando uma experi\u00eancia de transporte tranquila e conveniente.<\/p><p>Nossas tarifas s\u00e3o transparentes e competitivas, garantindo que voc\u00ea saiba exatamente o que esperar antes de reservar conosco. Acreditamos que o transporte de qualidade n\u00e3o precisa ser caro e trabalhamos para tornar nossos servi\u00e7os acess\u00edveis a todos.<\/p><p>Ao escolher nossos servi\u00e7os de translado, voc\u00ea opta pelo conforto, confiabilidade e tranquilidade. Deixe-nos cuidar de tudo para voc\u00ea, tornando sua jornada t\u00e3o agrad\u00e1vel quanto o destino final.<\/p>\t\t\t\t\t\t\t\t<\/div>\n\t\t\t\t<\/div>\n\t\t\t\t\t<\/div>\n\t\t\t\t<\/div>\n\t\t\t\t\t<\/div>\n\t\t\t\t<\/div>\n\t\t<div class=\"elementor-element elementor-element-9217948 e-flex e-con-boxed e-con e-parent\" data-id=\"9217948\" data-element_type=\"container\" data-e-type=\"container\" data-settings=\"{&quot;background_background&quot;:&quot;classic&quot;}\">\n\t\t\t\t\t<div class=\"e-con-inner\">\n\t\t<div class=\"elementor-element elementor-element-92b3aa0 e-flex e-con-boxed e-con e-child\" data-id=\"92b3aa0\" data-element_type=\"container\" data-e-type=\"container\">\n\t\t\t\t\t<div class=\"e-con-inner\">\n\t\t\t\t<div class=\"elementor-element elementor-element-960bd92 animated-slow elementor-position-top elementor-invisible elementor-widget elementor-widget-image-box\" data-id=\"960bd92\" data-element_type=\"widget\" data-e-type=\"widget\" data-settings=\"{&quot;_animation&quot;:&quot;fadeInLeft&quot;,&quot;_animation_delay&quot;:500}\" data-widget_type=\"image-box.default\">\n\t\t\t\t<div class=\"elementor-widget-container\">\n\t\t\t\t\t<div class=\"elementor-image-box-wrapper\"><figure class=\"elementor-image-box-img\"><img decoding=\"async\" width=\"634\" height=\"358\" src=\"http:\/\/peritur.com.br\/wp-content\/uploads\/2024\/03\/peritur-18.jpg\" class=\"attachment-full size-full wp-image-386\" alt=\"\" srcset=\"https:\/\/peritur.com.br\/wp-content\/uploads\/2024\/03\/peritur-18.jpg 634w, https:\/\/peritur.com.br\/wp-content\/uploads\/2024\/03\/peritur-18-300x169.jpg 300w\" sizes=\"(max-width: 634px) 100vw, 634px\" \/><\/figure><div class=\"elementor-image-box-content\"><h3 class=\"elementor-image-box-title\">Translados para Aeroportos Confi\u00e1veis e Confort\u00e1veis<\/h3><p class=\"elementor-image-box-description\">Garantimos pontualidade e conforto em nossos translados para aeroportos. Com uma equipe de motoristas profissionais e uma frota moderna, oferecemos uma experi\u00eancia de viagem tranquila e segura do seu local de partida at\u00e9 o terminal de embarque. Reserve conosco para uma jornada sem complica\u00e7\u00f5es.<\/p><\/div><\/div>\t\t\t\t<\/div>\n\t\t\t\t<\/div>\n\t\t\t\t<div class=\"elementor-element elementor-element-43ce5c8 animated-slow elementor-position-top elementor-invisible elementor-widget elementor-widget-image-box\" data-id=\"43ce5c8\" data-element_type=\"widget\" data-e-type=\"widget\" data-settings=\"{&quot;_animation&quot;:&quot;fadeInLeft&quot;,&quot;_animation_delay&quot;:500}\" data-widget_type=\"image-box.default\">\n\t\t\t\t<div class=\"elementor-widget-container\">\n\t\t\t\t\t<div class=\"elementor-image-box-wrapper\"><figure class=\"elementor-image-box-img\"><img decoding=\"async\" width=\"634\" height=\"358\" src=\"http:\/\/peritur.com.br\/wp-content\/uploads\/2024\/03\/peritur-19.jpg\" class=\"attachment-full size-full wp-image-388\" alt=\"\" srcset=\"https:\/\/peritur.com.br\/wp-content\/uploads\/2024\/03\/peritur-19.jpg 634w, https:\/\/peritur.com.br\/wp-content\/uploads\/2024\/03\/peritur-19-300x169.jpg 300w\" sizes=\"(max-width: 634px) 100vw, 634px\" \/><\/figure><div class=\"elementor-image-box-content\"><h3 class=\"elementor-image-box-title\">Translados para Hot\u00e9is: Conforto e Conveni\u00eancia<\/h3><p class=\"elementor-image-box-description\">Chegue ao seu destino com comodidade e seguran\u00e7a com nossos translados para hot\u00e9is. Nossa equipe experiente e frota moderna garantem uma viagem tranquila e sem complica\u00e7\u00f5es do aeroporto at\u00e9 o seu hotel. Reserve conosco para uma chegada suave e sem estresse ao seu destino.<\/p><\/div><\/div>\t\t\t\t<\/div>\n\t\t\t\t<\/div>\n\t\t\t\t\t<\/div>\n\t\t\t\t<\/div>\n\t\t\t\t\t<\/div>\n\t\t\t\t<\/div>\n\t\t<div class=\"elementor-element elementor-element-5d1c873 e-flex e-con-boxed e-con e-parent\" data-id=\"5d1c873\" data-element_type=\"container\" data-e-type=\"container\" data-settings=\"{&quot;background_background&quot;:&quot;classic&quot;}\">\n\t\t\t\t\t<div class=\"e-con-inner\">\n\t\t\t\t<div class=\"elementor-element elementor-element-a0a0ca4 elementor-widget elementor-widget-heading\" data-id=\"a0a0ca4\" data-element_type=\"widget\" data-e-type=\"widget\" data-widget_type=\"heading.default\">\n\t\t\t\t<div class=\"elementor-widget-container\">\n\t\t\t\t\t<h2 class=\"elementor-heading-title elementor-size-default\">Por que Escolher a Peritur para Transporte Executivo\n\n<\/h2>\t\t\t\t<\/div>\n\t\t\t\t<\/div>\n\t\t\t\t<div class=\"elementor-element elementor-element-f5e471a elementor-widget elementor-widget-text-editor\" data-id=\"f5e471a\" data-element_type=\"widget\" data-e-type=\"widget\" data-widget_type=\"text-editor.default\">\n\t\t\t\t<div class=\"elementor-widget-container\">\n\t\t\t\t\t\t\t\t\t<p>Escolha a Peritur para seus translados e desfrute de uma experi\u00eancia incompar\u00e1vel. Com profissionalismo exemplar, frota moderna, pontualidade garantida e flexibilidade de servi\u00e7o, estamos comprometidos em proporcionar uma viagem confort\u00e1vel e tranquila. Nossas tarifas transparentes e atendimento ao cliente superior garantem sua total satisfa\u00e7\u00e3o. Confie na Peritur para tornar seus translados uma experi\u00eancia memor\u00e1vel.<\/p>\t\t\t\t\t\t\t\t<\/div>\n\t\t\t\t<\/div>\n\t\t\t\t\t<\/div>\n\t\t\t\t<\/div>\n\t\t<div class=\"elementor-element elementor-element-6e6d4f1 e-flex e-con-boxed e-con e-parent\" data-id=\"6e6d4f1\" data-element_type=\"container\" data-e-type=\"container\">\n\t\t\t\t\t<div class=\"e-con-inner\">\n\t\t<div class=\"elementor-element elementor-element-72ccda1 e-flex e-con-boxed e-con e-child\" data-id=\"72ccda1\" data-element_type=\"container\" data-e-type=\"container\">\n\t\t\t\t\t<div class=\"e-con-inner\">\n\t\t\t\t<div class=\"elementor-element elementor-element-6bdd76e elementor-position-left elementor-vertical-align-middle elementor-widget elementor-widget-image-box\" data-id=\"6bdd76e\" data-element_type=\"widget\" data-e-type=\"widget\" data-widget_type=\"image-box.default\">\n\t\t\t\t<div class=\"elementor-widget-container\">\n\t\t\t\t\t<div class=\"elementor-image-box-wrapper\"><figure class=\"elementor-image-box-img\"><img loading=\"lazy\" decoding=\"async\" width=\"512\" height=\"512\" src=\"http:\/\/peritur.com.br\/wp-content\/uploads\/2024\/03\/telefone.png\" class=\"attachment-full size-full wp-image-363\" alt=\"\" srcset=\"https:\/\/peritur.com.br\/wp-content\/uploads\/2024\/03\/telefone.png 512w, https:\/\/peritur.com.br\/wp-content\/uploads\/2024\/03\/telefone-300x300.png 300w, https:\/\/peritur.com.br\/wp-content\/uploads\/2024\/03\/telefone-150x150.png 150w\" sizes=\"(max-width: 512px) 100vw, 512px\" \/><\/figure><div class=\"elementor-image-box-content\"><h3 class=\"elementor-image-box-title\">11 2615-3101<\/h3><\/div><\/div>\t\t\t\t<\/div>\n\t\t\t\t<\/div>\n\t\t\t\t<div class=\"elementor-element elementor-element-741a7ed elementor-position-left elementor-vertical-align-middle elementor-widget elementor-widget-image-box\" data-id=\"741a7ed\" data-element_type=\"widget\" data-e-type=\"widget\" data-widget_type=\"image-box.default\">\n\t\t\t\t<div class=\"elementor-widget-container\">\n\t\t\t\t\t<div class=\"elementor-image-box-wrapper\"><figure class=\"elementor-image-box-img\"><img loading=\"lazy\" decoding=\"async\" width=\"512\" height=\"512\" src=\"http:\/\/peritur.com.br\/wp-content\/uploads\/2024\/03\/whatsapp.png\" class=\"attachment-full size-full wp-image-364\" alt=\"\" srcset=\"https:\/\/peritur.com.br\/wp-content\/uploads\/2024\/03\/whatsapp.png 512w, https:\/\/peritur.com.br\/wp-content\/uploads\/2024\/03\/whatsapp-300x300.png 300w, https:\/\/peritur.com.br\/wp-content\/uploads\/2024\/03\/whatsapp-150x150.png 150w\" sizes=\"(max-width: 512px) 100vw, 512px\" \/><\/figure><div class=\"elementor-image-box-content\"><h3 class=\"elementor-image-box-title\">(11) 94792-1489\/ 97176-0429<\/h3><\/div><\/div>\t\t\t\t<\/div>\n\t\t\t\t<\/div>\n\t\t\t\t<div class=\"elementor-element elementor-element-d37c899 elementor-position-left elementor-vertical-align-middle elementor-widget elementor-widget-image-box\" data-id=\"d37c899\" data-element_type=\"widget\" data-e-type=\"widget\" data-widget_type=\"image-box.default\">\n\t\t\t\t<div class=\"elementor-widget-container\">\n\t\t\t\t\t<div class=\"elementor-image-box-wrapper\"><figure class=\"elementor-image-box-img\"><img loading=\"lazy\" decoding=\"async\" width=\"512\" height=\"512\" src=\"http:\/\/peritur.com.br\/wp-content\/uploads\/2024\/03\/wifi-mail.png\" class=\"attachment-full size-full wp-image-365\" alt=\"\" srcset=\"https:\/\/peritur.com.br\/wp-content\/uploads\/2024\/03\/wifi-mail.png 512w, https:\/\/peritur.com.br\/wp-content\/uploads\/2024\/03\/wifi-mail-300x300.png 300w, https:\/\/peritur.com.br\/wp-content\/uploads\/2024\/03\/wifi-mail-150x150.png 150w\" sizes=\"(max-width: 512px) 100vw, 512px\" \/><\/figure><div class=\"elementor-image-box-content\"><h3 class=\"elementor-image-box-title\">vania@peritur.com.br<\/h3><\/div><\/div>\t\t\t\t<\/div>\n\t\t\t\t<\/div>\n\t\t\t\t\t<\/div>\n\t\t\t\t<\/div>\n\t\t\t\t\t<\/div>\n\t\t\t\t<\/div>\n\t\t\t\t<\/div>\n\t\t","protected":false},"excerpt":{"rendered":"<p>Translados Os translados da Peritur oferecem uma experi\u00eancia de transporte executivo de alto n\u00edvel, seja para aeroportos, eventos corporativos, passeios tur\u00edsticos ou qualquer outra necessidade. Com uma equipe de motoristas profissionais e uma frota de ve\u00edculos de luxo, garantimos pontualidade, seguran\u00e7a e conforto em cada trajeto. Conte conosco para tornar seus translados uma experi\u00eancia tranquila [&hellip;]<\/p>\n","protected":false},"author":1,"featured_media":0,"parent":0,"menu_order":0,"comment_status":"closed","ping_status":"closed","template":"","meta":{"_joinchat":[],"footnotes":""},"class_list":["post-326","page","type-page","status-publish","hentry"],"_links":{"self":[{"href":"https:\/\/peritur.com.br\/index.php\/wp-json\/wp\/v2\/pages\/326","targetHints":{"allow":["GET"]}}],"collection":[{"href":"https:\/\/peritur.com.br\/index.php\/wp-json\/wp\/v2\/pages"}],"about":[{"href":"https:\/\/peritur.com.br\/index.php\/wp-json\/wp\/v2\/types\/page"}],"author":[{"embeddable":true,"href":"https:\/\/peritur.com.br\/index.php\/wp-json\/wp\/v2\/users\/1"}],"replies":[{"embeddable":true,"href":"https:\/\/peritur.com.br\/index.php\/wp-json\/wp\/v2\/comments?post=326"}],"version-history":[{"count":13,"href":"https:\/\/peritur.com.br\/index.php\/wp-json\/wp\/v2\/pages\/326\/revisions"}],"predecessor-version":[{"id":520,"href":"https:\/\/peritur.com.br\/index.php\/wp-json\/wp\/v2\/pages\/326\/revisions\/520"}],"wp:attachment":[{"href":"https:\/\/peritur.com.br\/index.php\/wp-json\/wp\/v2\/media?parent=326"}],"curies":[{"name":"wp","href":"https:\/\/api.w.org\/{rel}","templated":true}]}}